ulate d(c).
-3
Let a be 53/(-11) - (-22)/(-121). Let p(c) be the first derivative of -c**4/4 - 2*c**3 - 3*c**2 - 7*c + 2. What is p(a)?
-2
Let i(p) be the first derivative of -6 + p**2 + 2*p**2 + p**2 + 15. Let t = 0 + 1. What is i(t)?
8
Let u = 52 + -48. Suppose 0 = -2*f + u*g - 22, f + 3*g + 4 = 18. Let h(z) = -12*z - 1. Give h(f).
11
Let f(l) be the first derivative of 0*l + 0*l**2 + 0*l**4 - 5 + 1/120*l**5 + 1/360*l**6 + 2/3*l**3. Let h(s) be the third derivative of f(s). Calculate h(-1).
0
Let o(t) = -5*t - 1. Let k = -129 + 139. Suppose -k = 5*s + 4*v, 3*s = 4*v - 7 + 1. Calculate o(s).
9
Suppose 0 = -38*u - 10 + 48. Let f(s) = 2*s - 1. Let x(v) = -5*v + 3. Let l(z) = -11*f(z) - 4*x(z). Determine l(u).
-3
Let q(n) = -n**3 + 10*n**2 + 11*n. Suppose -731 + 786 = 5*u. Determine q(u).
0
Let p(a) = a**3 - 12*a**2 + 11*a - 2. Let h be ((-3)/(-3)*11)/1. Let t be p(h). Let n = t - -6. Let s(d) = d**3 - 4*d**2 + 2*d - 5. Calculate s(n).
3
Let y(h) = 150 + 9*h + 151 + 10*h - 303. Give y(2).
36
Let x(f) = 8*f - 6. Let t = 565 + -559. Give x(t).
42
Let x(u) = 17*u**2 - 4 + 3*u - 32*u**2 + 3 + 18*u**2 + 0. Calculate x(-4).
35
Let o be (-1 - -7) + 1/(-2)*6. Suppose 2 = -2*z, -o*p = z + 3*z + 10. Let h(b) = b - b**3 + 3 + 3*b - 3*b**2 + 2*b**2. Determine h(p).
-1
Suppose -2*o - 10 + 12 = 0. Let r(j) = -3 + 5 - o - 10 - 3*j. What is r(-8)?
15
Let g(z) be the second derivative of -1/3*z**3 + 0 - z**2 - 3*z - 5/24*z**4 - 1/60*z**5. Let l(s) be the first derivative of g(s). Calculate l(-6).
-8
Let c(v) = -3*v + 1. Let g be ((-1)/(-4))/((-4)/(-96)). Give c(g).
-17
Let q be ((-6)/(-4))/((-1)/2). Let i(w) = -147*w + 36. Let u(d) = -41*d + 10. Let p(l) = 5*i(l) - 18*u(l). Calculate p(q).
-9
Let q be 27/18*16/3. Let m = 10 + -7. Let f(l) = -11*l + 17. Let s(j) = 4*j - 6. Let i(o) = m*f(o) + q*s(o). Calculate i(6).
-3
Let d(g) be the first derivative of 2*g**3/3 - 2*g**2 + 2*g + 60. Calculate d(2).
2
Let s(o) = o. Suppose -v + 0 - 4 = 0. Let y(i) = -i**3 - 4*i**2 + i + 3. Let b be y(v). Calculate s(b).
-1
Suppose -3*t + 108 = 90. Let y(r) = r - 5. Give y(t).
1
Let w = -641/6 - -107. Let k(c) be the second derivative of -w*c**3 + 0 - 4*c + 3*c**2. Give k(-5).
11
Let f(v) be the first derivative of -v**4/4 - 4*v**3/3 - v**2 + 3*v - 26. Let h(o) = -5 + 3 + 3*o + o**2 + o + 1. Let j be h(-3). What is f(j)?
11
Let t(j) = -2 + 2*j + 4*j**2 + 0*j**3 + 5*j**3 - 4*j**3. Let v(l) = -4*l + 18. Let f be v(12). Let r = 27 + f. Give t(r).
1
Let x(h) = h**3 + 7*h**2 + 8*h - 13. Let a be x(-5). Let g(f) = 2 - 3*f - 3 + 2*f**2 + f**3 - 2. Calculate g(a).
-3
Let x(u) = u. Let t(n) = 2*n**3 + 15*n**2 - 10*n - 16. Let v be t(-8). Suppose v = 28*l - 25*l - 12. What is x(l)?
4
Let v(u) be the first derivative of -2*u**2 + 33*u - 607. What is v(11)?
-11
Let w(x) be the first derivative of x**3/3 + 35*x**2/2 + 94*x + 633. What is w(-32)?
-2
Let t(b) = 4 - 20*b - 2 + 14*b + 9*b. Let n be (-3 + 0)*(1 + -2). Let w = -5 + n. What is t(w)?
-4
Let w(i) be the first derivative of 0*i + 0*i**2 + 5 + 1/3*i**3 - 1/60*i**5 + 1/6*i**4. Let h(v) be the third derivative of w(v). What is h(5)?
-6
Let a(b) = -b - 11*b**3 - 1 + b**3 - 3*b**2 + 9*b**3. What is a(-2)?
-3
Suppose 0 = -5*g - 4*k - 594, -9*g - 3*k + 256 = -11*g. Let o = 119 + g. Let h(u) = -3*u - 1. Determine h(o).
8
Let g(x) be the first derivative of 2*x**3/3 - 2*x**2 - x + 56. Give g(3).
5
Let q = 103 + -105. Let m(i) be the first derivative of 3*i**2 + 2*i - 1. What is m(q)?
-10
Let b(c) = -2*c**3 - 7*c**2 - 3*c - 10. Let s(r) = -1 + r**2 - 8*r**3 + 2 - 5*r**3 + r + 12*r**3. Let z(i) = -b(i) + s(i). Give z(-8).
-21
Let f(o) = -232*o**2 + 437*o**2 + 3 - 208*o**2 - o. Determine f(-2).
-7
Let n(h) = -10*h**3 + h + 1. Let c be 3*15*(-5)/(-45). Suppose 4*r = 3*v - 3 + 18, 0 = -c*v - 5*r + 10. What is n(v)?
10
Let b(n) = 2*n + 4*n - 6*n - 4*n + 3 + n**2 + 3. Give b(4).
6
Let y(q) = q**3 - 8*q**2 + q - 6. Let z be y(8). Suppose -z*c = -5*c + 9. Let r(b) = c + 11*b - 5 + 3. Determine r(1).
12
Let s = -83 - -79. Let v(c) = 4*c**3 + 3*c**2 - 5. Let t(w) = -3*w**3 - 3*w**2 + w + 4. Let j(y) = 3*t(y) + 2*v(y). Give j(s).
6
Let l(c) be the second derivative of 11/3*c**3 - 18*c + 0*c**2 + 0. Calculate l(-1).
-22
Let c(h) = -h**3 + 9*h**2 - 9*h + 6. Let f be 9/27 + (-29)/(-3) + -2. Calculate c(f).
-2
Let o(d) = -d - 1. Let g(s) = -s**2 - 7*s. Let l(m) = g(m) - 6*o(m). Calculate l(0).
6
Let t(o) = -o**2 + o + 10. Suppose 108*u = 32*u + 304. What is t(u)?
-2
Suppose -2 = -2*s + 2. Suppose -22 = -5*y - 7. Let i(n) = -3*n + 4. Let t(h) = 2*h - 5. Let f(o) = y*i(o) + 2*t(o). Calculate f(s).
-8
Let c(m) = m**2 - 6*m - 53. Let y(k) = -3*k**2 + 24*k - 5. Let u be y(8). Determine c(u).
2
Let i = -9 - -12. Suppose 25 = 5*d + 2*q, 5*d - 25 = -i*q - 0*q. Let w(p) = 2*p - d*p + p + 3 + p. Give w(-4).
7
Suppose 5*c + z = -3*z + 65, 5*c + z = 50. Let u(h) = h**2 + 3*h - 920 + 0*h + 926 - c*h. Suppose -25 = -3*g - 2*g. Determine u(g).
1
Let f = 301 - 314. Let r(p) = -p**2 - 16*p - 12. Determine r(f).
27
Suppose -2*r - 10 = -4*r. Suppose 2*h + r = 13. Let y(k) be the third derivative of -k**4/24 - 42*k**2. Calculate y(h).
-4
Let c(b) = 13*b**2 - 19*b**2 + 3 + 7*b**2 - 3*b. Calculate c(2).
1
Let b(i) = 14*i**2 - 4*i - 3. Let p(u) = -17*u**2 + 6*u + 3. Let t(h) = -6*b(h) - 5*p(h). What is t(6)?
3
Let w(f) = -f**3 + 9*f**2 - 9*f + 17. Suppose 3*m - 14 = -2*x, 5*x - 9 = -4*m - 2. What is w(m)?
9
Let p(x) = 9 + 2*x + 3*x**2 - 15 + x**3 - x**2 - x**2 - x. Suppose -5*o + 7 = -4*b - 5, -4*o + 2*b + 6 = 0. Calculate p(o).
-6
Let z(n) = -n - 2. Let i(y) = y**2 - y - 2. Let b(j) = i(j) - 3*z(j). What is b(-2)?
4
Let b(o) be the first derivative of -o**2 + 5*o - 90. Suppose 0 = -7*y - 16 - 12. What is b(y)?
13
Let s(w) = 2*w - 1. Let p be (-6)/(-3) + 1*-18. Let r = 13 + p. Let a = r + -3. What is s(a)?
-13
Let j(n) = 4*n**2. Let c(p) = 2*p**2 - 15*p + 32. Let y be c(13). Let a be (4/5)/((-7)/(y/10)). What is j(a)?
16
Let m(d) = d**2 - 2*d - 4. Let z = -8 - -3. Let i(k) = 3*k**2 - 25*k - 9. Let a be i(9). Let c = z + a. Calculate m(c).
4
Let p(h) = 4 - 26 + 4 + 81*h + 8 + 9. Give p(1).
80
Let p(q) be the third derivative of -1/3*q**4 - 2/3*q**3 - 1/120*q**5 + 0 - 4*q**2 + 0*q. Let i(n) be the first derivative of p(n). Calculate i(-6).
-2
Let f(o) = 11*o + 2. Let n(g) = 7*g. Let b(z) = f(z) - n(z). Calculate b(6).
26
Let f(u) be the third derivative of u**5/12 - u**3/2 - 705*u**2. Determine f(3).
42
Suppose 0 = -b + 3. Suppose 3*n + n = -5*f + 14, b*f - 7 = -n. Suppose -4*i = -f*i - 12. Let l(y) = -3*y + 9. What is l(i)?
-9
Let m = -5 + 1. Let b(u) be the third derivative of 1 - 1/120*u**6 - 1/12*u**5 + 6*u**2 + 0*u - 1/2*u**3 - 1/4*u**4. What is b(m)?
5
Let h(q) = -q - 2. Let d be h(-1). Let w(i) be the first derivative of i**3/6 - 5*i + 1. Let n(y) be the first derivative of w(y). Calculate n(d).
-1
Let o(c) = -c - 1. Suppose -3 = -3*u, u + 4 = t + 2*u. Let j be 3/t - (-10)/(-5). What is o(j)?
0
Let s(l) be the third derivative of l**5/60 - 5*l**4/6 - l**3/2 + 182*l**2. Calculate s(20).
-3
Let w(v) = -v - 3. Let f(a) = 5*a + 16. Suppose 4*n - 2*b - 18 = 0, 4*b + b = -5. Let j(k) = n*f(k) + 22*w(k). Suppose -37*u = -101 - 47. Determine j(u).
-10
Let s(a) = 8*a**3 + 2*a**2 - a. Suppose -15*z = 1336 - 1351. Calculate s(z).
9
Suppose -5*z + c = -12, -3*z + 6*c = c + 6. Suppose -23 = -4*r + z*b, -b = -4*r - 0*b + 13. Let p(d) = 3*d + d + r + 0. What is p(2)?
10
Let g be 105/6*(-20)/25. Let s be 3/12 + g/(-8). Let y(d) = 3*d + 0*d + 4 - 5*d + s*d**2 + 7*d. Give y(-3).
7
Let m(a) be the first derivative of a**3/3 + 2*a**2 - 2*a + 1. Let q(o) = o**2 - o - 11. Let k be q(3). Give m(k).
3
Let m be (-4)/1*(-6 - (-126)/24). Let q(u) be the first derivative of 1/3*u**3 - 2*u + 1 + m*u**2. What is q(-6)?
-2
Let l(r) be the first derivative of r**2 + 12*r - 58. Calculate l(-10).
-8
Let j(w) = w**3 + 13*w**2 + 11*w - 17. Suppose -2*c = 2*t + 8 + 22, t + 3*c + 21 = 0. Determine j(t).
-5
Let d = 73 + -45. Let y(s) = -20*s + d*s - 14*s. Determine y(1).
-6
Let c(p) = -p**3 - 7*p**2 - 12*p - 36. Let o be c(-6). Let i(j) = -j**3 - j**2 + j + 2. What is i(o)?
2
Let p(u) = u**2 + 9*u + 2. Let b = 11 - -54. Let v = -71 + b. Calculate p(v).
-16
Let r(d) = 20*d**3 - 4*d**2 + d - 7. Let b(a) = -7*a**3 